{"version":"1.0","provider_name":"Fondation Pierre Fabre","provider_url":"https:\/\/www.fondationpierrefabre.org\/fr\/","author_name":"tma25pf","author_url":"https:\/\/www.fondationpierrefabre.org\/fr\/author\/tma25pf\/","title":"D\u00e9ploiement de la t\u00e9l\u00e9dermatologie \u2013 T\u00e9l\u00e9der Togo - Fondation Pierre Fabre","type":"rich","width":600,"height":338,"html":"<blockquote class=\"wp-embedded-content\" data-secret=\"ymgrAmLK1y\"><a href=\"https:\/\/www.fondationpierrefabre.org\/fr\/programmes\/deploiement-de-la-teledermatologie-teleder-togo\/\">D\u00e9ploiement de la t\u00e9l\u00e9dermatologie \u2013 T\u00e9l\u00e9der Togo<\/a><\/blockquote><iframe sandbox=\"allow-scripts\" security=\"restricted\" src=\"https:\/\/www.fondationpierrefabre.org\/fr\/programmes\/deploiement-de-la-teledermatologie-teleder-togo\/embed\/#?secret=ymgrAmLK1y\" width=\"600\" height=\"338\" title=\"\u00ab\u00a0D\u00e9ploiement de la t\u00e9l\u00e9dermatologie \u2013 T\u00e9l\u00e9der Togo\u00a0\u00bb &#8212; Fondation Pierre Fabre\" data-secret=\"ymgrAmLK1y\" frameborder=\"0\" marginwidth=\"0\" marginheight=\"0\" scrolling=\"no\" class=\"wp-embedded-content\"><\/iframe><script type=\"text\/javascript\">\n\/* <![CDATA[ *\/\n\/*! This file is auto-generated *\/\n!function(d,l){\"use strict\";l.querySelector&&d.addEventListener&&\"undefined\"!=typeof URL&&(d.wp=d.wp||{},d.wp.receiveEmbedMessage||(d.wp.receiveEmbedMessage=function(e){var t=e.data;if((t||t.secret||t.message||t.value)&&!\/[^a-zA-Z0-9]\/.test(t.secret)){for(var s,r,n,a=l.querySelectorAll('iframe[data-secret=\"'+t.secret+'\"]'),o=l.querySelectorAll('blockquote[data-secret=\"'+t.secret+'\"]'),c=new RegExp(\"^https?:$\",\"i\"),i=0;i<o.length;i++)o[i].style.display=\"none\";for(i=0;i<a.length;i++)s=a[i],e.source===s.contentWindow&&(s.removeAttribute(\"style\"),\"height\"===t.message?(1e3<(r=parseInt(t.value,10))?r=1e3:~~r<200&&(r=200),s.height=r):\"link\"===t.message&&(r=new URL(s.getAttribute(\"src\")),n=new URL(t.value),c.test(n.protocol))&&n.host===r.host&&l.activeElement===s&&(d.top.location.href=t.value))}},d.addEventListener(\"message\",d.wp.receiveEmbedMessage,!1),l.addEventListener(\"DOMContentLoaded\",function(){for(var e,t,s=l.querySelectorAll(\"iframe.wp-embedded-content\"),r=0;r<s.length;r++)(t=(e=s[r]).getAttribute(\"data-secret\"))||(t=Math.random().toString(36).substring(2,12),e.src+=\"#?secret=\"+t,e.setAttribute(\"data-secret\",t)),e.contentWindow.postMessage({message:\"ready\",secret:t},\"*\")},!1)))}(window,document);\n\/\/# sourceURL=https:\/\/www.fondationpierrefabre.org\/wp-includes\/js\/wp-embed.min.js\n\/* ]]> *\/\n<\/script>\n","thumbnail_url":"https:\/\/www.fondationpierrefabre.org\/wp-content\/uploads\/sites\/2\/2025\/07\/Teleder-Togo.jpg","thumbnail_width":300,"thumbnail_height":200,"description":"Le programme T\u00e9l\u00e9der Togo financ\u00e9 par la Fondation Pierre Fabre consiste \u00e0 fournir les moyens techniques et humains permettant d\u2019am\u00e9liorer le diagnostic et la prise en charge des maladies de peau dans les structures sanitaires p\u00e9riph\u00e9riques \u00e0 travers l\u2019utilisation des nouvelles technologies."}

Déploiement de la télédermatologie – Téléder Togo - Fondation Pierre Fabre

<blockquote class="wp-embedded-content" data-secret="ymgrAmLK1y"><a href="https://www.fondationpierrefabre.org/fr/programmes/deploiement-de-la-teledermatologie-teleder-togo/">Déploiement de la télédermatologie – Téléder Togo</a></blockquote><iframe sandbox="allow-scripts" security="restricted" src="https://www.fondationpierrefabre.org/fr/programmes/deploiement-de-la-teledermatologie-teleder-togo/embed/#?secret=ymgrAmLK1y" width="600" height="338" title="« Déploiement de la télédermatologie – Téléder Togo » &#8212; Fondation Pierre Fabre" data-secret="ymgrAmLK1y" frameborder="0" marginwidth="0" marginheight="0" scrolling="no" class="wp-embedded-content"></iframe><script type="text/javascript">
/* <![CDATA[ */
/*! This file is auto-generated */
!function(d,l){"use strict";l.querySelector&&d.addEventListener&&"undefined"!=typeof URL&&(d.wp=d.wp||{},d.wp.receiveEmbedMessage||(d.wp.receiveEmbedMessage=function(e){var t=e.data;if((t||t.secret||t.message||t.value)&&!/[^a-zA-Z0-9]/.test(t.secret)){for(var s,r,n,a=l.querySelectorAll('iframe[data-secret="'+t.secret+'"]'),o=l.querySelectorAll('blockquote[data-secret="'+t.secret+'"]'),c=new RegExp("^https?:$","i"),i=0;i<o.length;i++)o[i].style.display="none";for(i=0;i<a.length;i++)s=a[i],e.source===s.contentWindow&&(s.removeAttribute("style"),"height"===t.message?(1e3<(r=parseInt(t.value,10))?r=1e3:~~r<200&&(r=200),s.height=r):"link"===t.message&&(r=new URL(s.getAttribute("src")),n=new URL(t.value),c.test(n.protocol))&&n.host===r.host&&l.activeElement===s&&(d.top.location.href=t.value))}},d.addEventListener("message",d.wp.receiveEmbedMessage,!1),l.addEventListener("DOMContentLoaded",function(){for(var e,t,s=l.querySelectorAll("iframe.wp-embedded-content"),r=0;r<s.length;r++)(t=(e=s[r]).getAttribute("data-secret"))||(t=Math.random().toString(36).substring(2,12),e.src+="#?secret="+t,e.setAttribute("data-secret",t)),e.contentWindow.postMessage({message:"ready",secret:t},"*")},!1)))}(window,document);
//# sourceURL=https://www.fondationpierrefabre.org/wp-includes/js/wp-embed.min.js
/* ]]> */
</script>

Le programme Téléder Togo financé par la Fondation Pierre Fabre consiste à fournir les moyens techniques et humains permettant d’améliorer le diagnostic et la prise en charge des maladies de peau dans les structures sanitaires périphériques à travers l’utilisation des nouvelles technologies.
