{"version":"1.0","provider_name":"Fondation Pierre Fabre","provider_url":"https:\/\/www.fondationpierrefabre.org\/fr\/","author_name":"pbouchayer","author_url":"https:\/\/www.fondationpierrefabre.org\/fr\/author\/pbouchayer\/","title":"Albinisme : comprendre pour mieux vivre ensemble - Fondation Pierre Fabre","type":"rich","width":600,"height":338,"html":"<blockquote class=\"wp-embedded-content\" data-secret=\"TedzsIVBE9\"><a href=\"https:\/\/www.fondationpierrefabre.org\/fr\/programmes\/albinisme-comprendre-pour-mieux-vivre-ensemble\/\">Albinisme : comprendre pour mieux vivre ensemble<\/a><\/blockquote><iframe sandbox=\"allow-scripts\" security=\"restricted\" src=\"https:\/\/www.fondationpierrefabre.org\/fr\/programmes\/albinisme-comprendre-pour-mieux-vivre-ensemble\/embed\/#?secret=TedzsIVBE9\" width=\"600\" height=\"338\" title=\"\u00ab\u00a0Albinisme : comprendre pour mieux vivre ensemble\u00a0\u00bb &#8212; Fondation Pierre Fabre\" data-secret=\"TedzsIVBE9\" frameborder=\"0\" marginwidth=\"0\" marginheight=\"0\" scrolling=\"no\" class=\"wp-embedded-content\"><\/iframe><script type=\"text\/javascript\">\n\/* <![CDATA[ *\/\n\/*! This file is auto-generated *\/\n!function(d,l){\"use strict\";l.querySelector&&d.addEventListener&&\"undefined\"!=typeof URL&&(d.wp=d.wp||{},d.wp.receiveEmbedMessage||(d.wp.receiveEmbedMessage=function(e){var t=e.data;if((t||t.secret||t.message||t.value)&&!\/[^a-zA-Z0-9]\/.test(t.secret)){for(var s,r,n,a=l.querySelectorAll('iframe[data-secret=\"'+t.secret+'\"]'),o=l.querySelectorAll('blockquote[data-secret=\"'+t.secret+'\"]'),c=new RegExp(\"^https?:$\",\"i\"),i=0;i<o.length;i++)o[i].style.display=\"none\";for(i=0;i<a.length;i++)s=a[i],e.source===s.contentWindow&&(s.removeAttribute(\"style\"),\"height\"===t.message?(1e3<(r=parseInt(t.value,10))?r=1e3:~~r<200&&(r=200),s.height=r):\"link\"===t.message&&(r=new URL(s.getAttribute(\"src\")),n=new URL(t.value),c.test(n.protocol))&&n.host===r.host&&l.activeElement===s&&(d.top.location.href=t.value))}},d.addEventListener(\"message\",d.wp.receiveEmbedMessage,!1),l.addEventListener(\"DOMContentLoaded\",function(){for(var e,t,s=l.querySelectorAll(\"iframe.wp-embedded-content\"),r=0;r<s.length;r++)(t=(e=s[r]).getAttribute(\"data-secret\"))||(t=Math.random().toString(36).substring(2,12),e.src+=\"#?secret=\"+t,e.setAttribute(\"data-secret\",t)),e.contentWindow.postMessage({message:\"ready\",secret:t},\"*\")},!1)))}(window,document);\n\/\/# sourceURL=https:\/\/www.fondationpierrefabre.org\/wp-includes\/js\/wp-embed.min.js\n\/* ]]> *\/\n<\/script>\n","thumbnail_url":"https:\/\/www.fondationpierrefabre.org\/wp-content\/uploads\/sites\/2\/2025\/08\/Brochure-A5-4-Pages-FR-FINAL-WEB-PAGES-1.jpg","thumbnail_width":1200,"thumbnail_height":800,"description":"Brochure pour expliquer simplement l'albinisme, les gestes de protection, les cons\u00e9quences sur la sant\u00e9 et d\u00e9construire les principales croyances (con\u00e7u comme un outil de m\u00e9diation pour les professionnel.les de la sant\u00e9 et les familles)"}

Brochure pour expliquer simplement l'albinisme, les gestes de protection, les conséquences sur la santé et déconstruire les principales croyances (conçu comme un outil de médiation pour les professionnel.les de la santé et les familles)
